89?
6
What is the tens digit of 5204?
0
What is the units digit of 35834?
4
What is the tens digit of 6388?
8
What is the units digit of 1150?
0
What is the tens digit of 29418?
1
What is the tens digit of 776?
7
What is the units digit of 6661?
1
What is the units digit of 7286?
6
What is the thousands digit of 42737?
2
What is the units digit of 33795?
5
What is the hundreds digit of 155278?
2
What is the thousands digit of 8779?
8
What is the hundreds digit of 2408?
4
What is the hundreds digit of 2469?
4
What is the units digit of 20007?
7
What is the tens digit of 4852?
5
What is the thousands digit of 122217?
2
What is the hundreds digit of 4430?
4
What is the units digit of 473?
3
What is the units digit of 24154?
4
What is the tens digit of 4304?
0
What is the hundreds digit of 19153?
1
What is the thousands digit of 8588?
8
What is the hundreds digit of 170?
1
What is the hundreds digit of 7016?
0
What is the units digit of 18940?
0
What is the thousands digit of 2083?
2
What is the hundreds digit of 89883?
8
What is the units digit of 751?
1
What is the hundreds digit of 2818?
8
What is the ten thousands digit of 18186?
1
What is the tens digit of 15256?
5
What is the thousands digit of 3169?
3
What is the hundreds digit of 6201?
2
What is the hundreds digit of 25274?
2
What is the hundreds digit of 4603?
6
What is the hundreds digit of 1058?
0
What is the ten thousands digit of 15917?
1
What is the hundreds digit of 702?
7
What is the thousands digit of 2369?
2
What is the tens digit of 1179?
7
What is the units digit of 56388?
8
What is the thousands digit of 1898?
1
What is the tens digit of 2823?
2
What is the tens digit of 40116?
1
What is the thousands digit of 1316?
1
What is the tens digit of 11208?
0
What is the thousands digit of 40138?
0
What is the thousands digit of 4769?
4
What is the units digit of 4324?
4
What is the hundreds digit of 219?
2
What is the tens digit of 151?
5
What is the ten thousands digit of 12342?
1
What is the ten thousands digit of 13980?
1
What is the units digit of 13363?
3
What is the hundreds digit of 5522?
5
What is the thousands digit of 47609?
7
What is the units digit of 387?
7
What is the units digit of 1022?
2
What is the thousands digit of 7151?
7
What is the hundreds digit of 19212?
2
What is the hundreds digit of 17328?
3
What is the tens digit of 63271?
7
What is the units digit of 1?
1
What is the thousands digit of 1563?
1
What is the thousands digit of 32995?
2
What is the tens digit of 915?
1
What is the hundreds digit of 3014?
0
What is the thousands digit of 31207?
1
What is the hundreds digit of 4492?
4
What is the units digit of 23909?
9
What is the hundreds digit of 148?
1
What is the units digit of 3062?
2
What is the tens digit of 8756?
5
What is the hundreds digit of 7544?
5
What is the hundreds digit of 7069?
0
What is the ten thousands digit of 58376?
5
What is the hundreds digit of 134920?
9
What is the hundreds digit of 146243?
2
What is the hundreds digit of 1216?
2
What is the units digit of 1302?
2
What is the tens digit of 72?
7
What is the hundreds digit of 583?
5
What is the units digit of 1486?
6
What is the thousands digit of 69713?
9
What is the hundreds digit of 13034?
0
What is the thousands digit of 28584?
8
What is the hundreds digit of 121524?
5
What is the units digit of 4527?
7
What is the tens digit of 3001?
0
What is the tens digit of 19405?
0
What is the tens digit of 75047?
4
What is the hundreds digit of 65652?
6
What is the tens digit of 4028?
2
What is the ten thousands digit of 12704?
1
What is the thousands digit of 6310?
6
What is the thousands digit of 15766?
5
What is the hundreds digit of 3730?
7
What is the units digit of 826?
6
What is the tens digit of 5727?
2
What is the hundreds digit of 1039?
0
What is the tens digit of 2766?
6
What is the thousands digit of 75914?
5
What is the thousands digit of 2321?
2
What is the tens digit of 8313?
1
What is the thousands digit of 9705?
9
What is the thousands digit of 6719?
6
What is the hundreds digit of 2676?
6
What is the hundreds digit of 50756?
7
What is the thousands digit of 3127?
3
What is the tens digit of 230?
3
What is the hundreds digit of 1441?
4
What is the thousands digit of 12829?
2
What is the hundreds digit of 6178?
1
What is the tens digit of 162681?
8
What is the hundreds digit of 3447?
4
What is the hundreds digit of 93907?
9
What is the units digit of 67?
7
What is the thousands digit of 1956?
1
What is the ten thousands digit of 83412?
8
What is the thousands digit of 3225?
3
What is the hundreds digit of 9867?
8
What is the thousands digit of 14852?
4
What is the tens digit of 21694?
9
What is the units digit of 13233?
3
What is the tens digit of 27402?
0
What is the units digit of 3033?
3
What is the units digit of 11412?
2
What is the ten thousands digit of 63137?
6
What is the tens digit of 5951?
5
What is the units digit of 1692?
2
What is the ten thousands digit of 10873?
1
What is the tens digit of 21805?
0
What is the units digit of 12686?
6
What is the tens digit of 16354?
5
What is the hundred thousands digit of 104503?
1
What is the thousands digit of 2266?
2
What is the units digit of 54950?
0
What is the hundreds digit of 141691?
6
What is the tens digit of 1771?
7
What is the ten thousands digit of 58906?
5
What is the hundreds digit of 213?
2
What is the hundreds digit of 26585?
5
What is the hundreds digit of 931?
9
What is the units digit of 80658?
8
What is the hundreds digit of 162?
1
What is the thousands digit of 56392?
6
What is the tens digit of 2007?
0
What is the tens digit of 25747?
4
What is the units digit of 8610?
0
What is the thousands digit of 6479?
6
What is the hundreds digit of 8191?
1
What is the units digit of 6783?
3
What is the thousands digit of 1837?
1
What is the units digit of 36288?
8
What is the tens digit of 4488?
8
What is the hundreds digit of 1059?
0
What is the hundreds digit of 261?
2
What is the units digit of 79436?
6
What is the hundreds digit of 38987?
9
What is the hundreds digit of 15985?
9
What is the ten thousands digit of 79947?
7
What is the tens digit of 107386?
8
What is the thousands digit of 9306?
9
What is the tens digit of 6812?
1
What is the hundreds digit of 134450?
4
What is the units digit of 2901?
1
What is the thousands digit of 7769?
7
What is the thousands digit of 14053?
4
What is the tens digit of 1311?
1
What is the tens digit of 122816?
1
What is the thousands digit of 1543?
1
What is the units digit of 141505?
5
What is the tens digit of 6996?
9
What is the hundreds digit of 2868?
8
What is the units digit of 55888?
8
What is the ten thousands digit of 168124?
6
What is the units digit of 829?
9
What is the hundreds digit of 358?
3
What is the hundreds digit of 3294?
2
What is the tens digit of 2014?
1
What is the ten thousands digit of 71139?
7
What is the units digit of 190?
0
What is the ten thousands digit of 12732?
1
What is the hundreds digit of 11448?
4
What is the tens digit of 803?
0
What is the units digit of 35?
5
What is the hundreds digit of 15780?
7
What is the tens digit of 6196?
9
What is the tens digit of 38656?
5
What is the thousands digit of 47128?
7
What is the tens digit of 46345?
4
What is the units digit of 57402?
2
What is the ten thousands digit of 82450?
8
What is the units digit of 23?
3
What is the units digit of 24510?
0
What is the tens digit of 32168?
6
What is the tens digit of 935?
3
What is the ten thousands digit of 23135?
2
What is the tens digit of 1533?
3
What is the hundreds digit of 1496?
4
What is the thousands digit of 24745?
4
What is the units digit of 24?
4
What is the hundreds digit of 4327?
3
What is the tens digit of 9665?
6
What is the ten thousands digit of 10247?
1
What is the ten thousands digit of 26276?
2
What is the tens digit of 2389?
8
What is the tens digit of 32201?
0
What is the units digit of 9733?
3
What is the hundreds digit of 5537?
5
What is the ten thousands digit of 16582?
1
What is the hundreds digit of 277?
2
What is the thousands digit of 8819?
8
What is the hundreds digit of 47487?
4
What is the units digit of 3661?
1
What is the thousands digit of 5655?
5
What is the thousands digit of 24905?
4
What is the units digit